te?
False
Suppose -591 = -4*s - 5*h, 362 = 5*s + 2*h - 381. Is s prime?
True
Let k(f) = f**2 - 6*f + 8. Let q = 13 - 4. Is k(q) a composite number?
True
Let c(g) = 2 + 0*g + 1 + g. Let y be c(0). Suppose 0 = y*x - x - 254. Is x prime?
True
Let h = 157 - 93. Suppose 0 = 4*p + 16, -4*s + 2*s + h = -5*p. Is s a prime number?
False
Let m be 2/7 - (-48)/(-21). Is 5 + 0 + m + 64 a composite number?
False
Suppose 0 = 18*t - 17*t - 991. Is t prime?
True
Let u(n) = n**2 + 4. Let b be u(0). Suppose -3 = w, 5*v + 0*v - 5*w = 115. Suppose -v = -b*f, -2*p - f = -6 - 25. Is p a prime number?
True
Let b(d) = -d**2 - 9*d + 5. Let t be b(-6). Suppose y - t = -5*p, 4*y + p = -2*p + 24. Suppose -4*j = s + j - 69, 5*s - 345 = y*j. Is s a prime number?
False
Let l = 1 + 0. Let m(s) = 3*s**3 + s**2 - s. Let n be m(l). Suppose -2*y - 2*y + 9 = n*a, -2*a = -5*y - 6. Is a a prime number?
True
Let u(b) = b**3 - 5*b**2 + 2*b - 3. Let s be u(5). Suppose s*f - 6 = 4*f. Suppose 3*x = 5*m + 73, 5*m + 34 = f*x - 18. Is x a composite number?
True
Let g(w) = w**3 - 4*w**2 - 5*w. Let u be g(5). Suppose u = 2*c - 1 + 9. Is (-279)/(-39) - c/(-26) a prime number?
True
Suppose -2*q - 6 = -4*r, -2*r - 3*r + 13 = 3*q. Suppose 2*h + 14 = 2. Let w = q - h. Is w a prime number?
True
Let u(b) = b + 1 - 2*b**3 + 5*b**3 - 5*b**3. Let i be u(-1). Let t = i - -9. Is t a composite number?
False
Let p be ((-62)/(-2))/(5/60). Let t = p - 227. Is t a composite number?
True
Let z(j) = j**3 - 5*j**2 - 11*j + 6. Let d be z(8). Suppose 4*m - d = 158. Is m composite?
False
Let p = -16 + 13. Is p + (4 - 1) + 253 composite?
True
Let r be -2 - (-4)/((-4)/(-607)). Suppose -4*q + 115 = m, -3*m + r = 4*q + 244. Is m a prime number?
False
Let z = 649 + -256. Suppose 69 = 6*m - z. Is m prime?
False
Let j be 815/15 + 2/3. Suppose -3*n + 86 + j = 0. Is n prime?
True
Suppose -150 = 2*r - 1048. Is r composite?
False
Is 372 - ((-2 - 2) + 3) a prime number?
True
Let h(c) be the second derivative of -67*c**3/6 - 7*c**2/2 + 3*c. Let i be h(-8). Suppose i = 5*g - 196. Is g a composite number?
True
Let w(j) = -2*j**3 + 2*j**2 + j**3 + 5*j**2 - 6*j. Let i be w(5). Let s = i - 10. Is s a prime number?
False
Let v(u) = -4*u**3 - 10*u**2 - 8. Let g(f) = 5*f**3 + 11*f**2 - f + 8. Let h(i) = 3*g(i) + 4*v(i). Is h(-7) prime?
True
Let p = 7 + 35. Suppose y - 1 = p. Is y a prime number?
True
Suppose -3*x - 2*c + 2223 = 2*x, 5*c = -5*x + 2235. Is x a composite number?
False
Let d = -2 + 1. Let w(g) = -5*g**3 - 2*g**2 - g. Let a be w(d). Suppose -c - a*c = -95. Is c a composite number?
False
Suppose 4*r = 7*r - 381. Let h = r - 50. Is h composite?
True
Suppose 3*f + f = -144. Suppose v = 4*m + 336, -m - m = 3*v + 182. Let l = f - m. Is l prime?
False
Is (-11496)/12*(-1)/2 prime?
True
Let g(y) = 12*y + 7. Let z be g(6). Suppose c + z = 3*i, 3*i - c - 81 = 2*c. Is i composite?
True
Let l = -392 - -555. Is l composite?
False
Let s(h) = -h**3 + 8*h**2 - 8*h + 8. Let d be s(7). Let w = 118 + d. Is w a composite number?
True
Let c = 12 - 26. Let j(u) = u**3 - u**2 - u + 33. Let m be j(0). Let i = m + c. Is i prime?
True
Suppose 3*u = -5*o + 19, 0 = -2*o + 3*u - 2 - 3. Suppose -7*j + 265 = -o*j. Is j composite?
False
Suppose -5*c - 5*b = -4*c + 23, 0 = 2*b + 2. Let g = c - -27. Suppose f - 14 = g. Is f prime?
True
Let o = 2647 + -1304. Is o a composite number?
True
Let l = 12 + -7. Suppose -2*h + 2*a - 3*a + 3 = 0, -l*h + 4*a + 27 = 0. Is h/(-1)*(-10)/3 a composite number?
True
Let m(z) = z**2 + 3*z - 4. Let x be m(-5). Let v = x + 1. Is v a composite number?
False
Let a = -5 - -9. Suppose -5*l + 2 = -c, -4*c - a*l + 128 = 16. Is c a prime number?
True
Is 8/(-2) - (-35 - -12) composite?
False
Suppose 0 = 5*j - y - 5243, -3*j - 2*y + y = -3149. Is j composite?
False
Suppose -35 = -2*d + 143. Let o = d - -45. Is o prime?
False
Let o be (-11)/11*726/(-2). Let z = o + -152. Is z prime?
True
Let i(h) = 8*h**2 + 9*h - 28. Is i(9) composite?
False
Suppose 2*p + 15 = 3*w - 0*w, -3 = -p - 2*w. Let x be p + (-2 + -3)/(-1). Suppose x*m - 233 = -3*q + 17, 242 = 2*m + q. Is m a prime number?
False
Let k(z) = 8*z**3 + 9*z**2 + 2*z - 36. Is k(7) composite?
False
Suppose -36 = -5*u - 4*t + 3*t, 0 = -u + 4*t + 3. Suppose u*o = 6*o + 15. Is o a composite number?
True
Let l = -1022 - -2281. Is l composite?
False
Let l be -5*4/20*-4. Let r(i) = 110*i - 1. Is r(l) a composite number?
False
Is (-3 + 1772/8)*2 a prime number?
False
Let g be 1/(-3)*(-9 + -9). Is (20/g + -3)*789 composite?
False
Let f(h) = -h**2 + 2*h - 1. Let b be f(1). Let c = -2 - b. Is (c*1)/(4/(-74)) a composite number?
False
Suppose -5*o + 3*h = -2*h + 10, 2*o - 3*h = -9. Let b(m) = 9*m**3 - 3*m**2 - 3*m + 4. Is b(o) a prime number?
True
Let u = 5100 - 3623. Is u a composite number?
True
Let n(z) = -212*z**3 + z - 1. Is n(-2) prime?
True
Suppose 0 = -3*i + 3*k + 57, 3*k + 5 + 4 = 0. Suppose i = -l + 2. Is (-746)/l - (-4)/(-14) a prime number?
True
Suppose 0 = -3*g + 6*h - 8*h + 4531, -2*g + 3020 = 2*h. Is g a composite number?
False
Let j(y) = 27*y - 20. Is j(9) a prime number?
True
Is -1 - 0 - (3 + -93) a composite number?
False
Let c(v) = -v**2 + 8*v - 8. Let u be c(6). Suppose 0 = u*k - 3*k - 2*x - 93, -2*x = -5*k + 481. Is k prime?
True
Is (2*-1)/((-7)/(-23863)*-2) a composite number?
True
Suppose -578 - 355 = -3*m. Is m prime?
True
Let p(d) = -4*d**3 - 8*d**2 + 10*d + 25. Is p(-8) composite?
False
Let t be (-1)/(-3) - 6260/(-12). Let l = -259 + t. Is l composite?
False
Let h(k) = -k**3 + 2*k**2 + k - 1. Let t be h(1). Let v be 173 - (1 - (1 + t)). Let r = -95 + v. Is r prime?
True
Let q(r) = -12*r**3 - 3*r**2 - 2*r + 2. Is q(-3) a prime number?
False
Is -2*1*((-1079)/2 - -3) a prime number?
False
Suppose -3*i = -5*i - t - 1283, -4*i + t - 2581 = 0. Is -1*2*i/8 prime?
False
Let c = 2 - -4. Is (-62)/(c/((-9)/3)) a prime number?
True
Let d = 0 - -3. Let f be (d/3)/(3/9). Suppose -305 = -x - 4*x + f*w, -4*x = -3*w - 247. Is x composite?
True
Suppose 4*g = 3 + 9. Suppose 29 = -4*z - u + 105, -g*u = 0. Is z a composite number?
False
Let l(y) = -2*y + 5*y**2 - 17 + 22 - 7*y. Is l(8) prime?
False
Let r be -2*3/6 - -23. Let t be (-6 + 5)*(-2 + -1). Suppose t*u = 259 - r. Is u prime?
True
Let q be (2/4)/(3/(-6)). Let t = 215 - q. Let v = t + -127. Is v a composite number?
False
Let l be -1 - (-1 - (-1 + 2)). Is (2/l)/(2/79) prime?
True
Is (-775)/10*2/(-5) a composite number?
False
Let v = 1266 + -887. Is v a composite number?
False
Suppose 5*z = 152 + 243. Is z prime?
True
Suppose 2*t + 2 + 2 = 0. Let c(u) = 70*u + 7. Let s(j) = 209*j + 20. Let w(b) = 17*c(b) - 6*s(b). Is w(t) a composite number?
False
Let d(y) = -11*y - 11. Let z be d(-12). Suppose -o = -g + 4*o - 17, -4*o + 25 = 3*g. Suppose -n = 5*v - z, -3*n + v = -g*v - 401. Is n prime?
True
Is 4 - 10*166/(-4) composite?
False
Let n(d) = d**3 - 7*d**2 - 6*d - 9. Let u be n(8). Suppose 8*l - u*l = 53. Is l composite?
False
Let t(g) = 28*g + 21. Is t(4) a composite number?
True
Is 1*-1 + 3060/6 a prime number?
True
Let b(k) = k + 2. Let j be b(6). Suppose -s - j = -3*s + 5*l, s - 4 = 5*l. Suppose -s*r = -3*r + 2*i - 123, 3*r = -5*i + 374. Is r a prime number?
False
Suppose -2*v = -3*l + 308 + 217, 5*l - 875 = -3*v. Suppose -6*p + p + l = 0. Is p composite?
True
Let q(o) be the first derivative of o**3/3 - 4*o**2 + 10*o + 5. Is q(-9) prime?
True
Is 2 + 1/(2/526) a prime number?
False
Let i = 10299 + -5384. Is i a prime number?
False
Suppose 0 = -2*a + 1411 + 183. Is a a composite number?
False
Let s(h) = 5*h + 8 + 4*h - 4*h. Let a be s(-7). Let l = a - -42. Is l prime?
False
Let n(d) be the second derivative of -d**6/180 - d**5/24 + d**4/6 + d. Let o(m) be the third derivative of n(m). Is o(-5) prime?
False
Suppose -2*m + 3*h + 498 = 0, -3*h - 86 - 157 = -m. Suppose 3*p = -3 - m. Let w = p + 151. Is w a prime number?
False
Let f(w) = w**2 + 2*w - 5. Let k be f(-4). Suppose -k*v = -3 - 42. Is v prime?
False
Let j(c) = -c**3 - 9*c**2 - 8*c - 11. Let b be j(-8). Let t = b + 50. Is t prime?
False
Suppose -1333 = -2*f + 261. Is f a prime number?
True
Let v be -7*(4 - 90/21). Suppose -v*q - 994 = -2*f - q, -982 = -2*f + 4*q. Is f a prime number?
True
Is 1*12/4 - -32 a prime number?
False
Suppose -5*l - 5*n + 30 = 0, -2*l - 2*n = 3*n - 18. Su